t d(m) = 43*m + 4159. What is the units digit of d(0)?
9
What is the tens digit of 19262/(-6)*120/(-16)*2*1?
5
Let v be (-6 + 3 - 1) + (-389)/1. Let b = -314 - v. What is the units digit of b?
9
Suppose 0 = -2*d - 3*s + 42, 3*d + 0*s + 4*s = 63. Let r = d + 110. Let c = r + -31. What is the hundreds digit of c?
1
Let n = 19860 - -1728. What is the hundreds digit of n?
5
Let b be 180/50*(-15)/(-6). Suppose -c - 4*h + 1227 = 0, c + 11*h - 1223 = b*h. What is the hundreds digit of c?
2
Let z = 13 + -11. Let m(y) = -3*y**3 + 2*y**2 + 5*y - 1. Let f be m(-3). Suppose -z*i = p - f, 393 = 5*p - 3*i + 2*i. What is the units digit of p?
9
Let t be ((-1)/3)/(12/(-72)). Suppose t*w - 573 = x, -5*w = x - 19 - 1403. What is the hundreds digit of w?
2
Let u(l) = -2*l**3 + 27*l**2 - 13*l. Let d be u(13). Suppose 2*k = 5*k - 2*m - 272, d = 3*k - m - 274. What is the units digit of k?
2
Let r be 457/2 - 11/(-22). Suppose j = k + 3*k - 859, k = 5*j + r. What is the units digit of k?
4
Let m(z) = -18 - 17 + 0 - 7*z. Suppose 0 = -7*w + 4*k - 58 - 8, -5*k = -30. What is the units digit of m(w)?
7
Let i(p) = 155*p**2 + 3*p + 3. Let u(w) = 2*w**2 - 1. Let z(q) = i(q) - 3*u(q). What is the units digit of z(-2)?
6
Let g(j) = 924*j**2 + 71*j + 299. What is the hundreds digit of g(-4)?
7
Let r be (-6)/4 - (-204)/8. What is the thousands digit of (9256/r - 7)*3?
1
Let i be (15/10)/((-38)/(-32) + -1). Let o be (-6)/(-9)*(1 + i). Suppose 651 + 123 = o*v. What is the hundreds digit of v?
1
Let m be 477/(-27) - (-1 - 8/(-6)). Let h(r) = 28 + 0*r**2 - 13*r - r**2 - 11*r. What is the tens digit of h(m)?
3
Let h(z) = -10*z**2 - 56*z - 12. Let d be h(-5). Suppose -19*g = -d*g - 914. What is the hundreds digit of g?
9
Let x(s) = -s - 5. Let v be x(-1). What is the tens digit of v/3 + -2*2140/(-15)?
8
Let i = 195 + -193. Let h(g) = 335*g - 14. What is the hundreds digit of h(i)?
6
Let z = 200 + -276. Let g = z - -130. What is the tens digit of g?
5
Let w(p) = 11*p**3 - 9*p + 16*p**3 + 11*p - 1. Let l be w(1). Suppose 2*a - l - 24 = 0. What is the tens digit of a?
2
Let f(w) = -5*w**2 - 4*w - 4. Let p be f(-4). Let m be (2/8)/(23/(-2024)). Let g = m - p. What is the units digit of g?
6
Let b = 287 - 287. Suppose b = -n - 0*w + 2*w + 478, 0 = n - 3*w - 473. What is the hundreds digit of n?
4
What is the thousands digit of ((-350)/56 - -5)*-2428?
3
Suppose 0 = -78*v + 431 + 171 + 256. Let n(w) = 16*w**2 - w**3 - 3 - 4*w**2 - 8*w + 0. What is the units digit of n(v)?
0
Let h(q) = q**3 + 8*q**2 - 8*q + 12. Let i be h(-9). Suppose -5*j - 13 + i = 0, -3*d + 692 = 5*j. What is the units digit of d?
4
Suppose -3*h + 143*s - 144*s = -31362, 18 = 3*s. What is the hundreds digit of h?
4
What is the units digit of ((-1 - 1)*(-56459)/(-26))/((-3)/15)?
5
Suppose -3*i + 9111 = 2*a - 4*a, 0 = 5*i - 3*a - 15186. What is the tens digit of i?
3
Let f be (25 - 36)/(2/(-176)). Suppose -7*z + 5*z + f = 0. What is the tens digit of z?
8
Suppose 29*l - 1400353 = -19*l - 441937. What is the hundreds digit of l?
9
Let u be (-2540)/(-52) - (-2)/13. Suppose -h = 4*h + 3*m - 252, -h + u = 2*m. What is the units digit of h?
1
Let n = 4331 + -2751. What is the units digit of n?
0
Let l(r) be the second derivative of 8*r**3 - 11*r**2/2 + 68*r. What is the units digit of l(2)?
5
Let k be (-13)/(-5) + (-26)/(-65). Suppose w - 2*d - 3 = 4, 0 = -k*w + 2*d + 29. Let p(a) = -a**3 + 12*a**2 - 10*a - 5. What is the units digit of p(w)?
6
Let o be (6 - (-5844 - -5)) + 0. What is the tens digit of ((-42)/(-15))/(6 + o/(-975))?
4
Let p(y) = 18*y**2 - 13*y - 35. Let x = 75 - 83. What is the thousands digit of p(x)?
1
Suppose -16*n = -18*n - 4*o + 3662, n = -4*o + 1831. What is the hundreds digit of n?
8
Suppose 27*t - 1037116 = 4*t. What is the thousands digit of t?
5
Suppose 2*g - 3 - 7 = -k, -8 = 4*g - 5*k. Suppose s - 148 = 2*j, -4*j = g*s + j - 477. Suppose 214 = 8*y - s. What is the units digit of y?
6
What is the hundreds digit of (8149/(-145))/((48/(-30))/8)?
2
Suppose 764 = -2*u - v + 18741, -8978 = -u + 3*v. What is the thousands digit of u?
8
Suppose -j - 15*x + 15891 = -20*x, 0 = 4*j - 5*x - 63489. What is the ten thousands digit of j?
1
Let j = -46247 - -49369. What is the tens digit of j?
2
Let m = 6929 + -6938. Let g(a) = a**3 + 10*a**2 - 2*a + 4 + 0 + 2. What is the tens digit of g(m)?
0
Suppose -58*q = 27*q - 911965. What is the units digit of q?
9
Suppose 806 + 1455 = 7*u. Let r = 528 - u. What is the tens digit of r?
0
Let v(h) = -h**3 - 23*h**2 + 2*h - 151. What is the hundreds digit of v(-33)?
6
What is the tens digit of 457848/27*18/48?
5
Suppose 13*f - 12284 = 11584. Suppose -f = 4*n - 8*n. Let a = n - 269. What is the tens digit of a?
9
Suppose -3*p + 74554 = -7*a, 2*p - 5*a = -0*a + 49703. What is the ten thousands digit of p?
2
Let f = 55 - 51. Let m(p) = 59*p - 20. Let k(t) = -60*t + 21. Let z(g) = -3*k(g) - 2*m(g). What is the hundreds digit of z(f)?
2
Let f(y) = -2*y + 52. Let p be f(-12). Suppose 592 = -p*t + 78*t. What is the hundreds digit of t?
2
Let n = 0 + 158. Let s = 622 - n. What is the tens digit of s?
6
Let c(r) = -r**3 + 6*r**2 - 3*r - 7. Let o be c(5). Suppose -16 - 14 = -5*a + 4*b, o*a - 21 = 3*b. What is the units digit of (-14 + a)*-1*1/2?
6
Let k be ((-30)/9)/((-2)/(-90)*-1). Let o = k - 73. What is the units digit of o?
7
Let d = -62 + 58. Let j(r) = -5*r - 14. Let c be j(d). What is the tens digit of 1 - 4/c - (-18528)/144?
2
Let a(r) = -8*r**3 - 6*r**2 - 8*r - 4. Let v(q) = -17*q**3 - 13*q**2 - 16*q - 7. Let i(o) = 14*a(o) - 6*v(o). What is the units digit of i(-4)?
4
What is the units digit of 2/40 + (-60653769)/(-3820)?
8
What is the ten thousands digit of 3 - ((-22798)/1)/((-42)/(-6) + -5)?
1
Suppose 0 = -5*h + 2*l - 724, 0 = h - 0*l - l + 143. Let q = 646 + h. What is the hundreds digit of q?
5
Suppose -87*t - 96602 = -98*t. What is the tens digit of t?
8
Let s be 10 - (-2 - (-6 - 3)). What is the hundreds digit of (s + 3*-95)/(9/(-9))?
2
Suppose 3*x - 9 = -0*x. Suppose -3*c + 2*i - 10 = 0, x*i + 25 = -4*c + 8*i. Suppose c = -5*s + 127 + 123. What is the units digit of s?
0
Let u(j) = -7*j - 52. Let h be u(-9). Suppose -619 + 2357 = h*x. What is the units digit of x?
8
Let t = -65 - -70. Suppose s = -0*s - 2, 3*q - 2 = -t*s. Suppose -44 = -m + q*z, -3*m - 3*z + 52 = z. What is the tens digit of m?
2
Suppose 18*g - 15702 = 15*g. What is the hundreds digit of g?
2
Suppose 77*c - 67*c - 53744 - 41396 = 0. What is the hundreds digit of c?
5
Suppose 3 = 3*c, 4*a = c + 2 - 3. Suppose a = 13*x - 8*x - 780. Let n = -142 + x. What is the units digit of n?
4
Suppose 2*s - 588 = 6*s - 2*v, 0 = -2*s + 3*v - 294. Let j = s - 92. Let n = j - -390. What is the tens digit of n?
5
Let p(h) = 33*h**3 - 37*h**2 + 441*h + 20. What is the tens digit of p(8)?
7
Let t = 3746 - 3134. What is the units digit of t?
2
Let t(i) = -4*i**2 - 100*i + 7 + 0*i**2 + 15*i**2 + 3*i**2. What is the hundreds digit of t(8)?
1
Let q = -17205 - -37024. What is the tens digit of q?
1
Let c = -161 - -677. Let t = 9810 - 9802. Suppose -c = -12*y + t*y. What is the hundreds digit of y?
1
Let m(k) = -15*k - 61. Suppose 3*y = 5*z - 63, -3*y - 20*z + 17*z = 87. What is the units digit of m(y)?
9
Let z(b) = b**2 - 3*b + 22. Let d be z(-10). Suppose 16 + d = 2*k. Suppose 3*a + k = 3*l, -3*l - l + 2*a + 118 = 0. What is the units digit of l?
1
Suppose -5*f + 64412 = -48*f + 381623. What is the hundreds digit of f?
3
Let u = 336 + -330. Suppose 2*v - m - 1434 = 0, -5*m = -u*v + 10*v - 2868. What is the units digit of v?
7
Suppose -90*r + 312127 = 10*r - 153473. What is the thousands digit of r?
4
Let g be -1 - -3 - (2 + 1)*-3. Let u(z) = 40*z - 48. What is the units digit of u(g)?
2
What is the tens digit of (-421)/((-8)/(64/8)*1)?
2
Let p be (-232150)/(-850) + (-2)/17. Let u = p - -156. What is the tens digit of u?
2
What is the hundreds digit of (-2 + 3)/((-122)/(-306464))?
5
Suppose -13*k + 12*k = -30*k + 244760. What is the units digit of k?
0
Let a be 2/(-20)*-4 - (-4)/(-10). Suppose 15*h - 2937 - 2103 = a. What is the units digit of h?
6
Let t(g) = -g**2 + 13*g + 9. Let c be t(13). Suppose c = -14*d + 37. Suppose 0*y - 599 = -3*q + d*y, -4*y + 772 = 4*q. What is the tens digit of q?
9
Let h(y) = -2*y**3 + 20*y**2 